(k) = -13439*k - 403168. Determine s(-30).
2
Let x(d) = 8*d**2 - 318*d + 554. Give x(38).
22
Let s(y) = -193*y**3 - 92*y**2 - 186*y - 11. What is s(-2)?
1537
Let y(u) = -13*u**2 + 7911*u - 292457. What is y(569)?
9
Let a(w) = -109*w**2 + 273*w + 42. Give a(4).
-610
Let s(u) = -2*u**3 - 81*u**2 - 404*u + 13. Determine s(-6).
-47
Let x(k) = 9*k**2 - 903*k - 7356. Determine x(108).
96
Let a(r) = 3*r**2 + 467*r + 17761. Give a(-92).
189
Let r(t) = 111*t**2 - 24*t - 67. What is r(-3)?
1004
Let h(r) = 4175*r + 34705. Calculate h(-8).
1305
Let o(r) = 21180*r - 211780. Calculate o(10).
20
Let a(f) = -37*f**3 + 35*f**2 - 150*f - 6. Calculate a(0).
-6
Let h(x) = -351*x - 522. Determine h(-5).
1233
Let u(r) = -5*r**3 - 165*r**2 + 126*r + 4103. What is u(-33)?
-55
Let y(d) = -2*d**2 - 2359*d - 93367. Give y(-41).
-10
Let f(a) = 2*a**3 - 57*a**2 - 454*a - 34. What is f(35)?
1
Let y(b) = -b**3 + 75*b**2 + 846*b + 353. Give y(85).
13
Let n(w) = -10*w**2 - 380*w - 1829. Calculate n(-5).
-179
Let u(m) = 62*m**3 + 14479*m**2 - 6785*m + 234. Give u(-234).
0
Let r(j) = 282*j + 25947. What is r(-92)?
3
Let h(q) = 2*q**3 - 122*q**2 - 369*q - 708. Calculate h(64).
252
Let x(i) = -3*i**3 + 68*i**2 - 166*i + 145. Give x(20).
25
Let d(j) = -4*j**3 + 446*j**2 - 4057*j - 30. What is d(10)?
0
Let l(i) = -2*i**3 - 5*i**2 - 318*i - 975. Calculate l(-3).
-12
Let j(h) = 13*h**3 - 2*h**2 - 137*h - 26. Calculate j(6).
1888
Let g(u) = 2*u**3 + 108*u**2 - 17*u - 6300. Calculate g(-53).
219
Let j(g) = -g**3 + 2*g**2 + 10*g - 9. Give j(-4).
47
Let v(j) = 280886*j + 9269241. Determine v(-33).
3
Let c(n) = n**2 + 8*n - 175551. Calculate c(415).
-6
Let x(d) = 3*d**3 - 12*d**2 - 10*d + 20. What is x(-8)?
-2204
Let r(v) = -58839*v + 117678. Determine r(2).
0
Let h(b) = 3*b**3 - 18010*b**2 + 17994*b + 17. What is h(1)?
4
Let q(b) = -53*b**2 + 26657*b + 27742. Determine q(504).
22
Let g(j) = -13*j**2 + 503*j + 3704. Calculate g(45).
14
Let v(w) = 16*w - 818. Give v(45).
-98
Let a(x) = -460742*x - 10136329. Give a(-22).
-5
Let w(k) = k**3 + 1315*k**2 - 7031*k - 568921. What is w(-1320)?
-1
Let y(x) = -7*x**3 + 261*x**2 - 312*x - 432. Give y(36).
0
Let t(o) = 89011*o + 5696723. What is t(-64)?
19
Let c(r) = -46*r - 5869. Determine c(-127).
-27
Let m(t) = 16*t**2 + 30*t - 231. What is m(-9)?
795
Let i(f) = -f**2 + 4627*f + 27845. Give i(-6).
47
Let c(v) = -v**2 + 117*v + 2456. Calculate c(138).
-442
Let x(h) = 2*h**2 + 394*h - 29571. Calculate x(-255).
9
Let y(r) = 2*r**3 - 24*r**2 - 181*r + 2006. Give y(13).
-9
Let u(t) = 1237*t + 418048. Calculate u(-338).
-58
Let a(y) = -y**3 + 152*y**2 - 772*y + 26635. Calculate a(148).
-5
Let a(j) = -1375*j - 16293. What is a(-12)?
207
Let r(m) = 533*m**3 - 4796*m**2 + 55*m - 601. Determine r(9).
-25
Let j(o) = o**3 - 208*o**2 + 366*o - 32903. Determine j(207).
10
Let i(g) = 3517*g - 439624. Determine i(125).
1
Let y(k) = -20419*k - 735071. Calculate y(-36).
13
Let d(l) = -75*l**2 - 8244*l + 24742. Determine d(3).
-665
Let y(x) = 7823*x - 4036653. What is y(516)?
15
Let p(j) = -j**2 - 88*j - 182. Give p(-85).
73
Let i(w) = -4*w**2 + 4499*w - 247512. Calculate i(58).
-26
Let j(b) = 973*b + 86092. Determine j(-88).
468
Let c(f) = 16981*f + 1460285. Determine c(-86).
-81
Let f(m) = -m**2 - 51929*m + 779155. Give f(15).
-5
Let t(a) = -13131*a + 893003. Calculate t(68).
95
Let m(w) = -4*w**2 - 74*w - 210. Determine m(-15).
0
Let r(q) = 558*q**2 - 959*q + 380. Give r(1).
-21
Let v(n) = -264*n + 29880. Determine v(113).
48
Let c(l) = l**3 + 27*l**2 - 120*l + 35. Determine c(-31).
-89
Let a(y) = 3*y**3 - 280*y**2 - 1715*y + 612. Calculate a(99).
-2556
Let k(c) = -186*c + 3070. Give k(12).
838
Let h(o) = -59*o**3 - 1294*o**2 + 85*o - 47. Determine h(-22).
19
Let l(q) = 4*q**2 - 380*q - 2237. What is l(100)?
-237
Let x(z) = -478*z + 2163. What is x(5)?
-227
Let o(w) = -2*w**3 - 374*w**2 - 718*w + 4082. Calculate o(-185).
12
Let r(c) = -4*c**2 - 54548*c - 109098. Give r(-2).
-18
Let n(m) = -262487*m + 1049949. Determine n(4).
1
Let h(m) = -m**3 + 42*m**2 + 57*m - 1352. Calculate h(41).
2666
Let o(r) = -r**3 + 13*r**2 + 70*r - 20. Determine o(17).
14
Let x(m) = 15889*m + 540226. Give x(-34).
0
Let g(u) = 8*u**3 - 124*u**2 + 120*u - 913. Give g(15).
-13
Let m(o) = -151*o + 1306. Determine m(5).
551
Let b(h) = 2*h**2 - 88071*h + 1320561. Determine b(15).
-54
Let l(o) = 12*o**2 + 419*o - 51085. What is l(-85)?
0
Let v(d) = 11146*d + 55804. Give v(-5).
74
Let j(w) = 6460*w + 2868250. Determine j(-444).
10
Let d(a) = a**3 - 180*a**2 + 183*a + 198. Give d(179).
914
Let y(i) = 58*i + 5704. Give y(-107).
-502
Let h(l) = l**3 + 32*l**2 - 451*l - 932. Determine h(12).
-8
Let r(v) = -v**3 + 81*v**2 + 181*v - 20779. Give r(80).
101
Let c(x) = 10534*x - 10514. Calculate c(1).
20
Let r(u) = 35700*u - 2463304. What is r(69)?
-4
Let b(w) = -31304*w + 125154. What is b(4)?
-62
Let q(m) = -71*m**2 + 2343*m - 49. Calculate q(33).
-49
Let o(t) = 4389*t + 62129. Determine o(-14).
683
Let q(t) = t**2 + 73*t + 810. What is q(-63)?
180
Let o(r) = r**3 + 586*r**2 + 47092*r + 25536. Determine o(-490).
56
Let q(j) = -2*j**3 + 264*j**2 + 12125*j - 4911. Determine q(168).
-39
Let g(x) = x**2 + 68*x - 13484. What is g(-155)?
1
Let s(x) = -2*x**2 - 367*x - 1541. Give s(-178).
417
Let b(g) = -3651*g - 29272. Determine b(-8).
-64
Let b(x) = -x**3 + 16*x**2 + 6*x + 575. Calculate b(18).
35
Let p(y) = -10*y**2 + 809*y - 14420. Calculate p(18).
-3098
Let s(j) = -j**2 + 6044*j - 5294788. What is s(1063)?
15
Let o(b) = -606*b**2 - 38*b - 34. Give o(-1).
-602
Let n(x) = -2*x**2 - 92*x + 6584. Calculate n(-82).
680
Let q(l) = -l**3 + 75*l**2 + 622*l - 30135. Give q(78).
129
Let m(g) = -697*g - 9456. Determine m(-14).
302
Let v(i) = 976*i - 14547. What is v(14)?
-883
Let u(i) = i**3 + i**2 - 54*i - 146. Give u(15).
2644
Let t(q) = q**3 - 34*q**2 - 115*q + 3075. Give t(35).
275
Let g(h) = -685*h**2 + 52*h - 51. Give g(-3).
-6372
Let j(r) = -56*r - 6047. Give j(-89).
-1063
Let g(s) = -4*s**2 + 1764. What is g(21)?
0
Let z(d) = -74663*d + 522677. Determine z(7).
36
Let u(b) = -2255*b - 676469. What is u(-300)?
31
Let d(h) = -47*h - 791. Give d(7).
-1120
Let n(j) = 67*j**2 + 5630*j - 25. What is n(-84)?
-193
Let v(u) = u**3 + 50*u**2 - 138*u - 1723. Give v(-52).
45
Let c(a) = 40127*a - 35632779. Give c(888).
-3
Let i(d) = 14*d**2 + 1248*d - 1084. Determine i(-90).
-4
Let z(q) = -13*q**2 - 813*q - 5630. Give z(-7).
-576
Let m(a) = 6020*a**2 - 84279*a + 15. What is m(14)?
29
Let u(a) = 29853*a - 1940433. Determine u(65).
12
Let k(h) = 5*h**3 - 397*h**2 - 246*h + 21. Give k(80).
-459
Let t(y) = -45*y**2 + 7151*y + 498. Determine t(159).
-138
Let b(u) = -2*u**2 + 18*u + 16330. What is b(95)?
-10
Let p(n) = -10*n**3 + 589*n**2 - 1067*n - 931. Calculate p(57).
-19
Let z(l) = 15192*l - 5271634. Calculate z(347).
-10
Let v(b) = 715*b**2 + 15773*b + 939. Give v(-22).
-7
Let w(h) = -2*h**3 - 31*h**2 - 37*h - 259. Determine w(-15).
71
Let d(o) = o**3 - 112*o**2 + 1196*o + 382. Give d(100).
-18
Let x(g) = -8938*g + 15909. Calculate x(2).
-1967
Let d(i) = 4*i**3 + 3*i**2 - 122*i + 574. Calculate d(5).
539
Let r(u) = 1288*u - 252433. Give r(196).
15
Let k(q) = q**3 + 513*q**2 - 1579*q + 99. Give k(3).
6
Let m(v) = v**2 + 2810*v + 1056269. Calculate m(-447).
8
Let g(o) = -o**3 + 9*o**2 + 326*o - 1658. Determine g(5).
72
Let q(l) = -5073*l - 4580925. Give q(-903).
-6
Let i(x) = -3*x**2 + 6192*x + 43323. Give i(-7).
-168
Let c(i) = 18*i**2 + 18*i + 2. Give c(-1).
2
Let m(j) = j**3 - 59*j**2 + 798*j + 378. Determine m(22).
26
Let r(d) = 551*d - 11551. Determine r(21).
20
Let m(g) = 2*g + 1150. Calculate m(-6).
1138
Let z(k) = -179*k**2 + 951*k + 948. Give z(-1).
-182
Let l(i) = 2226*i + 790265. What is l(-355)?
35
Let j(o) = 2*o**3 - 18*o**2 - 289*o + 2708. What is j(10)?
18
Let h(f) = 22*f**3 - 3*f**2 + 45*f + 262. Give h(-4).
-1374
Let b(j) = 27*j - 124. Give b(-27).
-853
Let c(k) = k**3 + 2*k**2 - 48*k - 310. Give c(-5).
-145
Let h(i) = -1860*i**2 - 16750*i - 4. Calculate h(-9).
86
Let h(r) = -25214*r - 1664180. Give h(-66).
-56
Let c(a) = 134580*a - 672967. What is c(5)?
-67
Let q(t) = -2*t**3 + 1638*t**2 + 1604*t + 29533. Determine q(820).
13
Let q(b) = 431*b - 56226. What is q(129)?
-627
Let b(z) = z**3 + 248*z**2 +